{"id":8,"date":"2024-12-03T18:13:41","date_gmt":"2024-12-03T17:13:41","guid":{"rendered":"https:\/\/lepaon.fr\/?page_id=8"},"modified":"2026-03-02T19:33:17","modified_gmt":"2026-03-02T18:33:17","slug":"origine","status":"publish","type":"page","link":"https:\/\/lepaon.fr\/?page_id=8","title":{"rendered":"Le Paon Noir"},"content":{"rendered":"\n[et_pb_section fb_built=\u00a0\u00bb1&Prime; admin_label=\u00a0\u00bbHero\u00a0\u00bb _builder_version=\u00a0\u00bb4.24.3&Prime; _module_preset=\u00a0\u00bb_module_preset=\u00a0\u00bb background_color_gradient_direction=\u00a0\u00bb-90deg\u00a0\u00bb background_image=\u00a0\u00bbhttps:\/\/images.unsplash.com\/photo-1651919463443-534459ef5cd7?ixid=M3w1ODkyNzF8MHwxfHNlYXJjaHw4fHxjb2xvcmZ1bCUyMHBlYWNvY2slMjBmZWF0aGVyc3xlbnwwfDB8fHwxNzMzMjQ1ODQyfDA&#038;ixlib=rb-4.0.3&#038;fm=webp&#038;fit=crop&#038;crop=entropy&#038;w=1920&#038;h=1080&#038;q=20&#038;dpr=2&Prime; custom_padding=\u00a0\u00bb8vw||8vw||true|false\u00a0\u00bb locked=\u00a0\u00bboff\u00a0\u00bb collapsed=\u00a0\u00bbon\u00a0\u00bb global_colors_info=\u00a0\u00bb{}\u00a0\u00bb][et_pb_row column_structure=\u00a0\u00bb2_3,1_3&Prime; _builder_version=\u00a0\u00bb4.18.0&Prime; _module_preset=\u00a0\u00bb5138c454-be54-4233-bd3b-f8e6a8747976&Prime; locked=\u00a0\u00bboff\u00a0\u00bb global_colors_info=\u00a0\u00bb{}\u00a0\u00bb][et_pb_column type=\u00a0\u00bb2_3&Prime; _builder_version=\u00a0\u00bb4.16&Prime; _module_preset=\u00a0\u00bb73121f80-a3ef-4484-8763-c3f18e3c56d2&Prime; global_colors_info=\u00a0\u00bb{}\u00a0\u00bb][et_pb_heading title=\u00a0\u00bbD\u00e9couvrez l&rsquo;Histoire Fascinante des Paons\u00a0\u00bb _builder_version=\u00a0\u00bb4.24.3&Prime; _module_preset=\u00a0\u00bbf0c675ea-2574-4d0e-b725-30f8550a8550&Prime; title_text_color=\u00a0\u00bb#FFFFFF\u00a0\u00bb locked=\u00a0\u00bboff\u00a0\u00bb global_colors_info=\u00a0\u00bb{}\u00a0\u00bb][\/et_pb_heading][et_pb_heading title=\u00a0\u00bbL&rsquo;\u00e9volution et l&rsquo;h\u00e9ritage des paons \u00e0 travers le temps\u00a0\u00bb _builder_version=\u00a0\u00bb4.27.4&Prime; _module_preset=\u00a0\u00bbddeb8c09-9078-4424-bc15-2efb6572e28e\u00a0\u00bb title_text_color=\u00a0\u00bb#FFFFFF\u00a0\u00bb hover_enabled=\u00a0\u00bb0&Prime; locked=\u00a0\u00bboff\u00a0\u00bb global_colors_info=\u00a0\u00bb{}\u00a0\u00bb sticky_enabled=\u00a0\u00bb0&Prime;][\/et_pb_heading][\/et_pb_column][et_pb_column type=\u00a0\u00bb1_3&Prime; _builder_version=\u00a0\u00bb4.16&Prime; _module_preset=\u00a0\u00bb73121f80-a3ef-4484-8763-c3f18e3c56d2&Prime; global_colors_info=\u00a0\u00bb{}\u00a0\u00bb][\/et_pb_column][\/et_pb_row][\/et_pb_section][et_pb_section fb_built=\u00a0\u00bb1&Prime; admin_label=\u00a0\u00bbAbout\u00a0\u00bb _builder_version=\u00a0\u00bb4.25.1&Prime; _module_preset=\u00a0\u00bbdefault\u00a0\u00bb collapsed=\u00a0\u00bbon\u00a0\u00bb global_colors_info=\u00a0\u00bb{}\u00a0\u00bb][et_pb_row column_structure=\u00a0\u00bb1_2,1_2&Prime; _builder_version=\u00a0\u00bb4.25.1&Prime; _module_preset=\u00a0\u00bb048d8e79-b07f-439b-bd57-f41c14f0a56b\u00a0\u00bb global_colors_info=\u00a0\u00bb{}\u00a0\u00bb][et_pb_column type=\u00a0\u00bb1_2&Prime; _builder_version=\u00a0\u00bb4.25.1&Prime; _module_preset=\u00a0\u00bbdefault\u00a0\u00bb global_colors_info=\u00a0\u00bb{}\u00a0\u00bb][et_pb_image src=\u00a0\u00bbhttps:\/\/images.unsplash.com\/photo-1545310938-810cdc2c9af8?ixid=M3w1ODkyNzF8MHwxfHNlYXJjaHwyfHxwZWFjb2NrJTIwaW4lMjBuYXR1cmV8ZW58MHwyfHx8MTczMzI0NTg2OXww&#038;ixlib=rb-4.0.3&#038;fm=webp&#038;fit=crop&#038;crop=entropy&#038;w=800&#038;h=800&#038;q=20&#038;dpr=2&Prime; title_text=\u00a0\u00bb800&#215;800&Prime; _builder_version=\u00a0\u00bb4.25.1&Prime; _module_preset=\u00a0\u00bbdefault\u00a0\u00bb global_colors_info=\u00a0\u00bb{}\u00a0\u00bb][\/et_pb_image][\/et_pb_column][et_pb_column type=\u00a0\u00bb1_2&Prime; _builder_version=\u00a0\u00bb4.25.1&Prime; _module_preset=\u00a0\u00bbdefault\u00a0\u00bb global_colors_info=\u00a0\u00bb{}\u00a0\u00bb][et_pb_heading title=\u00a0\u00bbL&rsquo;origine des paons\u00a0\u00bb _builder_version=\u00a0\u00bb4.27.4&Prime; _module_preset=\u00a0\u00bbc33f07d9-41e0-421a-8799-5799df695cce\u00a0\u00bb hover_enabled=\u00a0\u00bb0&Prime; global_colors_info=\u00a0\u00bb{}\u00a0\u00bb sticky_enabled=\u00a0\u00bb0&Prime;][\/et_pb_heading][et_pb_text _builder_version=\u00a0\u00bb4.25.1&Prime; _module_preset=\u00a0\u00bb2c55a9c4-feed-423b-9edb-ae0b5b365cac\u00a0\u00bb global_colors_info=\u00a0\u00bb{}\u00a0\u00bb]Les paons, connus pour leur plumage \u00e9clatant, trouvent leurs racines en Asie du Sud. Depuis des mill\u00e9naires, ils ont \u00e9volu\u00e9 pour devenir des symboles de beaut\u00e9 et de majest\u00e9. Leur histoire est riche, marqu\u00e9e par leur domestication et leur r\u00f4le dans les mythes et l\u00e9gendes de nombreuses cultures. Au fil du temps, les paons ont \u00e9t\u00e9 v\u00e9n\u00e9r\u00e9s dans des civilisations anciennes, notamment en Inde et en Perse, o\u00f9 ils \u00e9taient souvent associ\u00e9s \u00e0 la royaut\u00e9 et \u00e0 la divinit\u00e9.<\/p>[\/et_pb_text][\/et_pb_column][\/et_pb_row][\/et_pb_section][et_pb_section fb_built=\u00a0\u00bb1&Prime; admin_label=\u00a0\u00bbText &#038; Image\u00a0\u00bb _builder_version=\u00a0\u00bb4.18.0&Prime; _module_preset=\u00a0\u00bbdefault\u00a0\u00bb locked=\u00a0\u00bboff\u00a0\u00bb collapsed=\u00a0\u00bbon\u00a0\u00bb global_colors_info=\u00a0\u00bb{}\u00a0\u00bb][et_pb_row _builder_version=\u00a0\u00bb4.18.0&Prime; _module_preset=\u00a0\u00bb5138c454-be54-4233-bd3b-f8e6a8747976&Prime; global_colors_info=\u00a0\u00bb{}\u00a0\u00bb][et_pb_column type=\u00a0\u00bb4_4&Prime; _builder_version=\u00a0\u00bb4.16&Prime; _module_preset=\u00a0\u00bb73121f80-a3ef-4484-8763-c3f18e3c56d2&Prime; global_colors_info=\u00a0\u00bb{}\u00a0\u00bb][et_pb_heading title=\u00a0\u00bbLeurs habitat naturel\u00a0\u00bb _builder_version=\u00a0\u00bb4.27.4&Prime; _module_preset=\u00a0\u00bbc33f07d9-41e0-421a-8799-5799df695cce\u00a0\u00bb title_text_align=\u00a0\u00bbcenter\u00a0\u00bb hover_enabled=\u00a0\u00bb0&Prime; locked=\u00a0\u00bboff\u00a0\u00bb global_colors_info=\u00a0\u00bb{}\u00a0\u00bb sticky_enabled=\u00a0\u00bb0&Prime;][\/et_pb_heading][et_pb_image src=\u00a0\u00bbhttps:\/\/images.unsplash.com\/photo-1548148491-90655471726c?ixid=M3w1ODkyNzF8MHwxfHNlYXJjaHwxMHx8cGVhY29jayUyMGhhYml0YXR8ZW58MHwwfHx8MTczMzI0NTg2OXww&#038;ixlib=rb-4.0.3&#038;fm=webp&#038;fit=crop&#038;crop=entropy&#038;w=1080&#038;h=600&#038;q=20&#038;dpr=2&Prime; title_text=\u00a0\u00bb1080&#215;600&Prime; _builder_version=\u00a0\u00bb4.23.1&Prime; _module_preset=\u00a0\u00bb6ed8fd5c-62c5-4100-98c3-7b8b6d2c2ee6&Prime; global_colors_info=\u00a0\u00bb{}\u00a0\u00bb][\/et_pb_image][et_pb_text _builder_version=\u00a0\u00bb4.24.3&Prime; _module_preset=\u00a0\u00bb2c55a9c4-feed-423b-9edb-ae0b5b365cac\u00a0\u00bb text_orientation=\u00a0\u00bbcenter\u00a0\u00bb locked=\u00a0\u00bboff\u00a0\u00bb global_colors_info=\u00a0\u00bb{}\u00a0\u00bb]<p>Les paons prosp\u00e8rent dans les for\u00eats ouvertes et les r\u00e9gions semi-arides, o\u00f9 ils peuvent se d\u00e9placer librement et trouver une abondance de nourriture. Leur habitat naturel s&rsquo;\u00e9tend principalement \u00e0 travers l&rsquo;Inde, le Sri Lanka et certaines parties de l&rsquo;Asie du Sud-Est. Ces oiseaux majestueux pr\u00e9f\u00e8rent les zones o\u00f9 ils peuvent se percher en hauteur pour se prot\u00e9ger des pr\u00e9dateurs, tout en ayant acc\u00e8s \u00e0 des sources d&rsquo;eau pour se rafra\u00eechir et se nourrir. Les conditions climatiques de ces r\u00e9gions, avec des temp\u00e9ratures mod\u00e9r\u00e9es et une v\u00e9g\u00e9tation dense, sont id\u00e9ales pour leur survie et leur reproduction.<\/p>[\/et_pb_text][\/et_pb_column][\/et_pb_row][\/et_pb_section][et_pb_section fb_built=\u00a0\u00bb1&Prime; admin_label=\u00a0\u00bbText\u00a0\u00bb _builder_version=\u00a0\u00bb4.16&Prime; _module_preset=\u00a0\u00bbdefault\u00a0\u00bb locked=\u00a0\u00bboff\u00a0\u00bb collapsed=\u00a0\u00bbon\u00a0\u00bb global_colors_info=\u00a0\u00bb{}\u00a0\u00bb][et_pb_row column_structure=\u00a0\u00bb2_3,1_3&Prime; _builder_version=\u00a0\u00bb4.16&Prime; _module_preset=\u00a0\u00bb5138c454-be54-4233-bd3b-f8e6a8747976&Prime; global_colors_info=\u00a0\u00bb{}\u00a0\u00bb][et_pb_column type=\u00a0\u00bb2_3&Prime; _builder_version=\u00a0\u00bb4.16&Prime; _module_preset=\u00a0\u00bb73121f80-a3ef-4484-8763-c3f18e3c56d2&Prime; global_colors_info=\u00a0\u00bb{}\u00a0\u00bb][et_pb_heading title=\u00a0\u00bbSymbolisme des Paons \u00e0 Travers les Cultures\u00a0\u00bb _builder_version=\u00a0\u00bb4.24.3&Prime; _module_preset=\u00a0\u00bb8c21dae4-c59d-4c2b-958c-0e045c7f06d6&Prime; global_colors_info=\u00a0\u00bb{}\u00a0\u00bb][\/et_pb_heading][\/et_pb_column][et_pb_column type=\u00a0\u00bb1_3&Prime; _builder_version=\u00a0\u00bb4.16&Prime; _module_preset=\u00a0\u00bb73121f80-a3ef-4484-8763-c3f18e3c56d2&Prime; global_colors_info=\u00a0\u00bb{}\u00a0\u00bb][\/et_pb_column][\/et_pb_row][et_pb_row column_structure=\u00a0\u00bb1_2,1_2&Prime; _builder_version=\u00a0\u00bb4.17.6&Prime; _module_preset=\u00a0\u00bb5138c454-be54-4233-bd3b-f8e6a8747976&Prime; custom_padding=\u00a0\u00bb0px|||||\u00a0\u00bb global_colors_info=\u00a0\u00bb{}\u00a0\u00bb][et_pb_column type=\u00a0\u00bb1_2&Prime; _builder_version=\u00a0\u00bb4.16&Prime; _module_preset=\u00a0\u00bb73121f80-a3ef-4484-8763-c3f18e3c56d2&Prime; global_colors_info=\u00a0\u00bb{}\u00a0\u00bb][et_pb_text _builder_version=\u00a0\u00bb4.27.4&Prime; _module_preset=\u00a0\u00bb2c55a9c4-feed-423b-9edb-ae0b5b365cac\u00a0\u00bb hover_enabled=\u00a0\u00bb0&Prime; global_colors_info=\u00a0\u00bb{}\u00a0\u00bb text_font_size=\u00a0\u00bb14px\u00a0\u00bb sticky_enabled=\u00a0\u00bb0&Prime;]<p>Les paons occupent une place sp\u00e9ciale dans de nombreuses cultures \u00e0 travers le monde. En Inde, ils sont v\u00e9n\u00e9r\u00e9s comme un symbole de beaut\u00e9 et de gr\u00e2ce, souvent associ\u00e9s \u00e0 la d\u00e9esse Saraswati. Dans la culture chinoise, le paon est un symbole de dignit\u00e9 et de richesse, souvent repr\u00e9sent\u00e9 dans l&rsquo;art traditionnel. En Gr\u00e8ce antique, le paon \u00e9tait sacr\u00e9 pour H\u00e9ra, la reine des dieux, symbolisant l&rsquo;immortalit\u00e9 et la royaut\u00e9. Ces magnifiques oiseaux continuent d&rsquo;inspirer et de fasciner par leur plumage \u00e9clatant et leur d\u00e9marche majestueuse.<\/p>[\/et_pb_text][\/et_pb_column][et_pb_column type=\u00a0\u00bb1_2&Prime; _builder_version=\u00a0\u00bb4.16&Prime; _module_preset=\u00a0\u00bb73121f80-a3ef-4484-8763-c3f18e3c56d2&Prime; global_colors_info=\u00a0\u00bb{}\u00a0\u00bb][et_pb_text _builder_version=\u00a0\u00bb4.24.2&Prime; _module_preset=\u00a0\u00bb2c55a9c4-feed-423b-9edb-ae0b5b365cac\u00a0\u00bb global_colors_info=\u00a0\u00bb{}\u00a0\u00bb text_font_size=\u00a0\u00bb14px\u00a0\u00bb]<p>Dans la culture perse, le paon est un symbole de protection et de bienveillance, souvent repr\u00e9sent\u00e9 dans les jardins royaux. En Occident, les paons sont souvent associ\u00e9s \u00e0 la vanit\u00e9 et \u00e0 la fiert\u00e9, mais aussi \u00e0 la renaissance et \u00e0 la r\u00e9surrection, gr\u00e2ce \u00e0 leur capacit\u00e9 \u00e0 renouveler leur plumage chaque ann\u00e9e. Leurs plumes, avec leurs motifs en forme d&rsquo;yeux, sont \u00e9galement consid\u00e9r\u00e9es comme des talismans contre le mauvais \u0153il dans certaines traditions. Cette richesse symbolique fait des paons un sujet d&rsquo;\u00e9tude fascinant pour les amateurs de culture et d&rsquo;histoire.<\/p>[\/et_pb_text][\/et_pb_column][\/et_pb_row][\/et_pb_section][et_pb_section fb_built=\u00a0\u00bb1&Prime; admin_label=\u00a0\u00bbServices\u00a0\u00bb _builder_version=\u00a0\u00bb4.23.1&Prime; _module_preset=\u00a0\u00bbdefault\u00a0\u00bb locked=\u00a0\u00bboff\u00a0\u00bb collapsed=\u00a0\u00bbon\u00a0\u00bb global_colors_info=\u00a0\u00bb{}\u00a0\u00bb][et_pb_row column_structure=\u00a0\u00bb1_2,1_2&Prime; _builder_version=\u00a0\u00bb4.23.1&Prime; _module_preset=\u00a0\u00bb5138c454-be54-4233-bd3b-f8e6a8747976&Prime; global_colors_info=\u00a0\u00bb{}\u00a0\u00bb][et_pb_column type=\u00a0\u00bb1_2&Prime; _builder_version=\u00a0\u00bb4.17.3&Prime; _module_preset=\u00a0\u00bb73121f80-a3ef-4484-8763-c3f18e3c56d2&Prime; global_colors_info=\u00a0\u00bb{}\u00a0\u00bb][et_pb_image src=\u00a0\u00bbhttps:\/\/images.unsplash.com\/photo-1541976546568-46ab5d4e649c?ixid=M3w1ODkyNzF8MHwxfHNlYXJjaHw4fHxkaWZmZXJlbnQlMjBwZWFjb2NrJTIwc3BlY2llc3xlbnwwfDF8fHwxNzMzMjQ1ODY5fDA&#038;ixlib=rb-4.0.3&#038;fm=webp&#038;fit=crop&#038;crop=entropy&#038;w=800&#038;h=1080&#038;q=20&#038;dpr=2&Prime; title_text=\u00a0\u00bb800&#215;1080&Prime; _builder_version=\u00a0\u00bb4.24.3&Prime; _module_preset=\u00a0\u00bb6ed8fd5c-62c5-4100-98c3-7b8b6d2c2ee6&Prime; global_colors_info=\u00a0\u00bb{}\u00a0\u00bb][\/et_pb_image][\/et_pb_column][et_pb_column type=\u00a0\u00bb1_2&Prime; _builder_version=\u00a0\u00bb4.17.3&Prime; _module_preset=\u00a0\u00bb73121f80-a3ef-4484-8763-c3f18e3c56d2&Prime; global_colors_info=\u00a0\u00bb{}\u00a0\u00bb][et_pb_heading title=\u00a0\u00bbLes Esp\u00e8ces de Paons\u00a0\u00bb _builder_version=\u00a0\u00bb4.24.3&Prime; _module_preset=\u00a0\u00bbc33f07d9-41e0-421a-8799-5799df695cce\u00a0\u00bb locked=\u00a0\u00bboff\u00a0\u00bb global_colors_info=\u00a0\u00bb{}\u00a0\u00bb][\/et_pb_heading][et_pb_blurb title=\u00a0\u00bbPaon Bleu\u00a0\u00bb use_icon=\u00a0\u00bbon\u00a0\u00bb font_icon=\u00a0\u00bb&#x39;||divi||400&Prime; _builder_version=\u00a0\u00bb4.27.4&Prime; _module_preset=\u00a0\u00bb65059203-12d3-44f6-8371-3f5cf61a0475&Prime; hover_enabled=\u00a0\u00bb0&Prime; locked=\u00a0\u00bboff\u00a0\u00bb global_colors_info=\u00a0\u00bb{%22gcid-f2943306-fa6c-45f0-b632-5fc00151366a%22:%91%22icon_color%22,%22icon_color%22%93}\u00a0\u00bb body_font_size=\u00a0\u00bb14px\u00a0\u00bb header_font_size=\u00a0\u00bb20px\u00a0\u00bb sticky_enabled=\u00a0\u00bb0&Prime;]<p>Le paon bleu, ou paon indien, est la plus connue des esp\u00e8ces. Reconnaissable \u00e0 son plumage iris\u00e9 et sa longue tra\u00eene, il est souvent vu dans les jardins et les parcs. Les m\u00e2les arborent des plumes aux couleurs vives pour attirer les femelles.<\/p>[\/et_pb_blurb][et_pb_blurb title=\u00a0\u00bbPaon Vert\u00a0\u00bb use_icon=\u00a0\u00bbon\u00a0\u00bb font_icon=\u00a0\u00bb&#x39;||divi||400&Prime; _builder_version=\u00a0\u00bb4.27.4&Prime; _module_preset=\u00a0\u00bb65059203-12d3-44f6-8371-3f5cf61a0475&Prime; locked=\u00a0\u00bboff\u00a0\u00bb global_colors_info=\u00a0\u00bb{%22gcid-f2943306-fa6c-45f0-b632-5fc00151366a%22:%91%22icon_color%22,%22icon_color%22,%22icon_color%22,%22icon_color%22%93}\u00a0\u00bb body_font_size=\u00a0\u00bb14px\u00a0\u00bb header_font_size=\u00a0\u00bb20px\u00a0\u00bb hover_enabled=\u00a0\u00bb0&Prime; sticky_enabled=\u00a0\u00bb0&Prime;]<p>Le paon vert, originaire d&rsquo;Asie du Sud-Est, est moins connu mais tout aussi impressionnant. Il se distingue par son plumage vert \u00e9clatant et sa taille l\u00e9g\u00e8rement plus grande que celle du paon bleu. Cette esp\u00e8ce est souvent plus timide et pr\u00e9f\u00e8re les for\u00eats denses.<\/p>[\/et_pb_blurb][et_pb_blurb title=\u00a0\u00bbPaon du Congo\u00a0\u00bb use_icon=\u00a0\u00bbon\u00a0\u00bb font_icon=\u00a0\u00bb&#x39;||divi||400&Prime; _builder_version=\u00a0\u00bb4.27.4&Prime; _module_preset=\u00a0\u00bb65059203-12d3-44f6-8371-3f5cf61a0475&Prime; locked=\u00a0\u00bboff\u00a0\u00bb global_colors_info=\u00a0\u00bb{%22gcid-f2943306-fa6c-45f0-b632-5fc00151366a%22:%91%22icon_color%22,%22icon_color%22,%22icon_color%22,%22icon_color%22%93}\u00a0\u00bb body_font_size=\u00a0\u00bb14px\u00a0\u00bb header_font_size=\u00a0\u00bb20px\u00a0\u00bb hover_enabled=\u00a0\u00bb0&Prime; sticky_enabled=\u00a0\u00bb0&Prime;]<p>Le paon du Congo est une esp\u00e8ce rare et end\u00e9mique des for\u00eats tropicales africaines. Contrairement \u00e0 ses cousins asiatiques, il est plus petit et ses couleurs sont moins vives, mais il poss\u00e8de un charme unique avec ses motifs subtils et son comportement discret.<\/p>[\/et_pb_blurb][\/et_pb_column][\/et_pb_row][\/et_pb_section][et_pb_section fb_built=\u00a0\u00bb1&Prime; admin_label=\u00a0\u00bbCall to Action\u00a0\u00bb _builder_version=\u00a0\u00bb4.24.3&Prime; _module_preset=\u00a0\u00bbdefault\u00a0\u00bb use_background_color_gradient=\u00a0\u00bbon\u00a0\u00bb background_color_gradient_stops=\u00a0\u00bbrgba(0,0,0,0.75) 0%|rgba(0,0,0,0.75) 100%\u00a0\u00bb background_color_gradient_overlays_image=\u00a0\u00bbon\u00a0\u00bb background_image=\u00a0\u00bbhttps:\/\/images.unsplash.com\/photo-1530424756789-233bcc0bc543?ixid=M3w1ODkyNzF8MHwxfHNlYXJjaHw2fHxwZWFjb2NrJTIwZXhwbG9yYXRpb24lMjBpbnZpdGF0aW9ufGVufDB8MHx8fDE3MzMyNDU4NDJ8MA&#038;ixlib=rb-4.0.3&#038;fm=webp&#038;fit=crop&#038;crop=entropy&#038;w=1920&#038;h=1080&#038;q=20&#038;dpr=2&Prime; custom_padding=\u00a0\u00bb5vw||5vw||true|false\u00a0\u00bb locked=\u00a0\u00bboff\u00a0\u00bb collapsed=\u00a0\u00bbon\u00a0\u00bb global_colors_info=\u00a0\u00bb{%22gcid-36fd78a7-34bc-404d-873c-dafa34efaae5%22:%91%22background_color%22%93}\u00a0\u00bb][et_pb_row _builder_version=\u00a0\u00bb4.24.3&Prime; _module_preset=\u00a0\u00bb5138c454-be54-4233-bd3b-f8e6a8747976&Prime; locked=\u00a0\u00bboff\u00a0\u00bb global_colors_info=\u00a0\u00bb{}\u00a0\u00bb][et_pb_column type=\u00a0\u00bb4_4&Prime; _builder_version=\u00a0\u00bb4.18.0&Prime; _module_preset=\u00a0\u00bb73121f80-a3ef-4484-8763-c3f18e3c56d2&Prime; global_colors_info=\u00a0\u00bb{}\u00a0\u00bb][et_pb_cta title=\u00a0\u00bbD\u00e9couvrez notre \u00e9levage de paons\u00a0\u00bb button_url=\u00a0\u00bbhttps:\/\/lepaon.fr\/?page_id=12&Prime; button_text=\u00a0\u00bbD\u00e9couvrir l&rsquo;\u00e9levage\u00a0\u00bb _builder_version=\u00a0\u00bb4.27.4&Prime; _module_preset=\u00a0\u00bb4c2ad5d0-871e-414e-a4be-aa9134d4ae8e\u00a0\u00bb custom_padding=\u00a0\u00bb60px|60px|60px|60px|true|true\u00a0\u00bb custom_padding_tablet=\u00a0\u00bb30px|30px|30px|30px|true|true\u00a0\u00bb custom_padding_phone=\u00a0\u00bb20px|20px|20px|20px|true|true\u00a0\u00bb custom_padding_last_edited=\u00a0\u00bbon|desktop\u00a0\u00bb hover_enabled=\u00a0\u00bb0&Prime; locked=\u00a0\u00bboff\u00a0\u00bb global_colors_info=\u00a0\u00bb{%22gcid-f2943306-fa6c-45f0-b632-5fc00151366a%22:%91%22button_text_color%22%93,%22gcid-36fd78a7-34bc-404d-873c-dafa34efaae5%22:%91%22button_text_color%22,%22color%22,%22background_color%22%93,%22gcid-7cadd8b3-5228-48e4-90c4-212d09232f7b%22:%91%22color%22,%22color%22,%22color%22,%22color%22%93,%22gcid-f113ad93-2527-46d7-862b-fc71181c6b5e%22:%91%22border_color_all%22,%22border_color_all%22%93}\u00a0\u00bb text_font_size_tablet=\u00a0\u00bb16px\u00a0\u00bb text_font_size_phone=\u00a0\u00bb14px\u00a0\u00bb text_font_size_last_edited=\u00a0\u00bbon|phone\u00a0\u00bb sticky_enabled=\u00a0\u00bb0&Prime; body_font_size=\u00a0\u00bb14px\u00a0\u00bb]<p>Curieux d&rsquo;en apprendre davantage sur ces cr\u00e9atures majestueuses ? Que vous soyez passionn\u00e9 par leur histoire, int\u00e9ress\u00e9 par leurs diff\u00e9rentes esp\u00e8ces, ou que vous souhaitiez en savoir plus sur l&rsquo;achat de paons, nous sommes l\u00e0 pour vous guider.\u00a0<\/p>[\/et_pb_cta][\/et_pb_column][\/et_pb_row][\/et_pb_section]\n","protected":false},"excerpt":{"rendered":"<p>Les paons, connus pour leur plumage \u00e9clatant, trouvent leurs racines en Asie du Sud. Depuis des mill\u00e9naires, ils ont \u00e9volu\u00e9 pour devenir des symboles de beaut\u00e9 et de majest\u00e9. Leur histoire est riche, marqu\u00e9e par leur domestication et leur r\u00f4le dans les mythes et l\u00e9gendes de nombreuses cultures. Au fil du temps, les paons ont [&hellip;]<\/p>\n","protected":false},"author":1,"featured_media":0,"parent":0,"menu_order":0,"comment_status":"closed","ping_status":"closed","template":"","meta":{"_et_pb_use_builder":"on","_et_pb_old_content":"","_et_gb_content_width":"","footnotes":""},"class_list":["post-8","page","type-page","status-publish","hentry"],"yoast_head":"<!-- This site is optimized with the Yoast SEO plugin v27.5 - https:\/\/yoast.com\/product\/yoast-seo-wordpress\/ -->\n<title>Le Paon Noir - Lepaon.fr<\/title>\n<meta name=\"robots\" content=\"noindex, follow, max-snippet:-1, max-image-preview:large, max-video-preview:-1\" \/>\n<meta property=\"og:locale\" content=\"fr_FR\" \/>\n<meta property=\"og:type\" content=\"article\" \/>\n<meta property=\"og:title\" content=\"Le Paon Noir - Lepaon.fr\" \/>\n<meta property=\"og:description\" content=\"Les paons, connus pour leur plumage \u00e9clatant, trouvent leurs racines en Asie du Sud. Depuis des mill\u00e9naires, ils ont \u00e9volu\u00e9 pour devenir des symboles de beaut\u00e9 et de majest\u00e9. Leur histoire est riche, marqu\u00e9e par leur domestication et leur r\u00f4le dans les mythes et l\u00e9gendes de nombreuses cultures. Au fil du temps, les paons ont [&hellip;]\" \/>\n<meta property=\"og:url\" content=\"https:\/\/lepaon.fr\/?page_id=8\" \/>\n<meta property=\"og:site_name\" content=\"Lepaon.fr\" \/>\n<meta property=\"article:modified_time\" content=\"2026-03-02T18:33:17+00:00\" \/>\n<meta name=\"twitter:card\" content=\"summary_large_image\" \/>\n<meta name=\"twitter:label1\" content=\"Dur\u00e9e de lecture estim\u00e9e\" \/>\n\t<meta name=\"twitter:data1\" content=\"4 minutes\" \/>\n<script type=\"application\/ld+json\" class=\"yoast-schema-graph\">{\"@context\":\"https:\\\/\\\/schema.org\",\"@graph\":[{\"@type\":\"WebPage\",\"@id\":\"https:\\\/\\\/lepaon.fr\\\/?page_id=8\",\"url\":\"https:\\\/\\\/lepaon.fr\\\/?page_id=8\",\"name\":\"Le Paon Noir - Lepaon.fr\",\"isPartOf\":{\"@id\":\"https:\\\/\\\/lepaon.fr\\\/#website\"},\"datePublished\":\"2024-12-03T17:13:41+00:00\",\"dateModified\":\"2026-03-02T18:33:17+00:00\",\"breadcrumb\":{\"@id\":\"https:\\\/\\\/lepaon.fr\\\/?page_id=8#breadcrumb\"},\"inLanguage\":\"fr-FR\",\"potentialAction\":[{\"@type\":\"ReadAction\",\"target\":[\"https:\\\/\\\/lepaon.fr\\\/?page_id=8\"]}]},{\"@type\":\"BreadcrumbList\",\"@id\":\"https:\\\/\\\/lepaon.fr\\\/?page_id=8#breadcrumb\",\"itemListElement\":[{\"@type\":\"ListItem\",\"position\":1,\"name\":\"Accueil\",\"item\":\"https:\\\/\\\/lepaon.fr\\\/\"},{\"@type\":\"ListItem\",\"position\":2,\"name\":\"Le Paon Noir\"}]},{\"@type\":\"WebSite\",\"@id\":\"https:\\\/\\\/lepaon.fr\\\/#website\",\"url\":\"https:\\\/\\\/lepaon.fr\\\/\",\"name\":\"Lepaon.fr\",\"description\":\"le paon en nord\",\"publisher\":{\"@id\":\"https:\\\/\\\/lepaon.fr\\\/#organization\"},\"potentialAction\":[{\"@type\":\"SearchAction\",\"target\":{\"@type\":\"EntryPoint\",\"urlTemplate\":\"https:\\\/\\\/lepaon.fr\\\/?s={search_term_string}\"},\"query-input\":{\"@type\":\"PropertyValueSpecification\",\"valueRequired\":true,\"valueName\":\"search_term_string\"}}],\"inLanguage\":\"fr-FR\"},{\"@type\":\"Organization\",\"@id\":\"https:\\\/\\\/lepaon.fr\\\/#organization\",\"name\":\"Lepaon\",\"url\":\"https:\\\/\\\/lepaon.fr\\\/\",\"logo\":{\"@type\":\"ImageObject\",\"inLanguage\":\"fr-FR\",\"@id\":\"https:\\\/\\\/lepaon.fr\\\/#\\\/schema\\\/logo\\\/image\\\/\",\"url\":\"https:\\\/\\\/lepaon.fr\\\/wp-content\\\/uploads\\\/2024\\\/12\\\/Design-sans-titre.png\",\"contentUrl\":\"https:\\\/\\\/lepaon.fr\\\/wp-content\\\/uploads\\\/2024\\\/12\\\/Design-sans-titre.png\",\"width\":500,\"height\":500,\"caption\":\"Lepaon\"},\"image\":{\"@id\":\"https:\\\/\\\/lepaon.fr\\\/#\\\/schema\\\/logo\\\/image\\\/\"}}]}<\/script>\n<!-- \/ Yoast SEO plugin. -->","yoast_head_json":{"title":"Le Paon Noir - Lepaon.fr","robots":{"index":"noindex","follow":"follow","max-snippet":"max-snippet:-1","max-image-preview":"max-image-preview:large","max-video-preview":"max-video-preview:-1"},"og_locale":"fr_FR","og_type":"article","og_title":"Le Paon Noir - Lepaon.fr","og_description":"Les paons, connus pour leur plumage \u00e9clatant, trouvent leurs racines en Asie du Sud. Depuis des mill\u00e9naires, ils ont \u00e9volu\u00e9 pour devenir des symboles de beaut\u00e9 et de majest\u00e9. Leur histoire est riche, marqu\u00e9e par leur domestication et leur r\u00f4le dans les mythes et l\u00e9gendes de nombreuses cultures. Au fil du temps, les paons ont [&hellip;]","og_url":"https:\/\/lepaon.fr\/?page_id=8","og_site_name":"Lepaon.fr","article_modified_time":"2026-03-02T18:33:17+00:00","twitter_card":"summary_large_image","twitter_misc":{"Dur\u00e9e de lecture estim\u00e9e":"4 minutes"},"schema":{"@context":"https:\/\/schema.org","@graph":[{"@type":"WebPage","@id":"https:\/\/lepaon.fr\/?page_id=8","url":"https:\/\/lepaon.fr\/?page_id=8","name":"Le Paon Noir - Lepaon.fr","isPartOf":{"@id":"https:\/\/lepaon.fr\/#website"},"datePublished":"2024-12-03T17:13:41+00:00","dateModified":"2026-03-02T18:33:17+00:00","breadcrumb":{"@id":"https:\/\/lepaon.fr\/?page_id=8#breadcrumb"},"inLanguage":"fr-FR","potentialAction":[{"@type":"ReadAction","target":["https:\/\/lepaon.fr\/?page_id=8"]}]},{"@type":"BreadcrumbList","@id":"https:\/\/lepaon.fr\/?page_id=8#breadcrumb","itemListElement":[{"@type":"ListItem","position":1,"name":"Accueil","item":"https:\/\/lepaon.fr\/"},{"@type":"ListItem","position":2,"name":"Le Paon Noir"}]},{"@type":"WebSite","@id":"https:\/\/lepaon.fr\/#website","url":"https:\/\/lepaon.fr\/","name":"Lepaon.fr","description":"le paon en nord","publisher":{"@id":"https:\/\/lepaon.fr\/#organization"},"potentialAction":[{"@type":"SearchAction","target":{"@type":"EntryPoint","urlTemplate":"https:\/\/lepaon.fr\/?s={search_term_string}"},"query-input":{"@type":"PropertyValueSpecification","valueRequired":true,"valueName":"search_term_string"}}],"inLanguage":"fr-FR"},{"@type":"Organization","@id":"https:\/\/lepaon.fr\/#organization","name":"Lepaon","url":"https:\/\/lepaon.fr\/","logo":{"@type":"ImageObject","inLanguage":"fr-FR","@id":"https:\/\/lepaon.fr\/#\/schema\/logo\/image\/","url":"https:\/\/lepaon.fr\/wp-content\/uploads\/2024\/12\/Design-sans-titre.png","contentUrl":"https:\/\/lepaon.fr\/wp-content\/uploads\/2024\/12\/Design-sans-titre.png","width":500,"height":500,"caption":"Lepaon"},"image":{"@id":"https:\/\/lepaon.fr\/#\/schema\/logo\/image\/"}}]}},"_links":{"self":[{"href":"https:\/\/lepaon.fr\/index.php?rest_route=\/wp\/v2\/pages\/8","targetHints":{"allow":["GET"]}}],"collection":[{"href":"https:\/\/lepaon.fr\/index.php?rest_route=\/wp\/v2\/pages"}],"about":[{"href":"https:\/\/lepaon.fr\/index.php?rest_route=\/wp\/v2\/types\/page"}],"author":[{"embeddable":true,"href":"https:\/\/lepaon.fr\/index.php?rest_route=\/wp\/v2\/users\/1"}],"replies":[{"embeddable":true,"href":"https:\/\/lepaon.fr\/index.php?rest_route=%2Fwp%2Fv2%2Fcomments&post=8"}],"version-history":[{"count":4,"href":"https:\/\/lepaon.fr\/index.php?rest_route=\/wp\/v2\/pages\/8\/revisions"}],"predecessor-version":[{"id":578,"href":"https:\/\/lepaon.fr\/index.php?rest_route=\/wp\/v2\/pages\/8\/revisions\/578"}],"wp:attachment":[{"href":"https:\/\/lepaon.fr\/index.php?rest_route=%2Fwp%2Fv2%2Fmedia&parent=8"}],"curies":[{"name":"wp","href":"https:\/\/api.w.org\/{rel}","templated":true}]}}